vide 146266029?
True
Does 5379 divide 339710745?
True
Is 264332411 a multiple of 5185?
False
Is 1366725353 a multiple of 17?
True
Does 10720 divide 1694783896?
False
Does 885 divide 26471235?
True
Is 413 a factor of 10777915?
False
Does 2471 divide 227122946?
False
Is 466 a factor of 35521316?
True
Is 20582562 a multiple of 299?
True
Is 116626222 a multiple of 450?
False
Is 329 a factor of 43774766?
True
Is 4 a factor of 6144012?
True
Does 574 divide 34488082?
False
Is 2405801 a multiple of 2?
False
Does 431 divide 101849158?
False
Is 916537265 a multiple of 1037?
False
Is 33513462 a multiple of 6?
True
Is 285850543 a multiple of 906?
False
Does 27 divide 29986703?
False
Does 2 divide 6160866?
True
Is 72 a factor of 12216888?
True
Is 137 a factor of 29686647?
False
Is 37050912 a multiple of 36?
True
Does 107 divide 13451151?
False
Does 19 divide 46323600?
False
Is 32056920 a multiple of 16?
False
Does 13 divide 98097248?
False
Is 109964848 a multiple of 55?
False
Is 44538693 a multiple of 4?
False
Is 211 a factor of 696806091?
False
Is 50 a factor of 2797833575?
False
Does 30 divide 109262436?
False
Is 26042099 a multiple of 638?
False
Does 89 divide 134164675?
False
Is 865049868 a multiple of 162?
True
Does 13 divide 7727239?
True
Is 1283274751 a multiple of 7?
False
Does 18 divide 1293949106?
False
Is 705914919 a multiple of 1173?
True
Does 139 divide 597993416?
False
Is 234 a factor of 15357654?
True
Is 180 a factor of 46436762?
False
Does 36 divide 4659967?
False
Is 127061250 a multiple of 3279?
True
Is 94 a factor of 76702417?
False
Is 15071690 a multiple of 85?
True
Does 37 divide 73431335?
False
Does 3 divide 115356397?
False
Is 22 a factor of 1742970372?
True
Is 32 a factor of 315873184?
True
Is 57659242 a multiple of 926?
True
Is 113 a factor of 39152966?
False
Does 283 divide 123251163?
False
Is 147 a factor of 34326117?
True
Is 989800996 a multiple of 242?
False
Is 244 a factor of 63835046?
False
Is 416557215 a multiple of 15?
True
Is 161051772 a multiple of 164?
True
Does 12 divide 24366598?
False
Does 51 divide 306763725?
True
Is 20 a factor of 964522092?
False
Does 401 divide 1285205?
True
Does 376 divide 803968647?
False
Does 1064 divide 21745703?
False
Is 534565201 a multiple of 9?
False
Is 1281 a factor of 759037335?
True
Is 3061254546 a multiple of 5298?
False
Is 342673891 a multiple of 12?
False
Is 495167205 a multiple of 39?
True
Is 3023 a factor of 892061865?
False
Is 435256222 a multiple of 1169?
False
Is 956 a factor of 23984128?
True
Does 24 divide 39864696?
True
Does 710 divide 130823760?
False
Is 20279990 a multiple of 151?
False
Is 527219348 a multiple of 13?
False
Is 164401133 a multiple of 72?
False
Does 19 divide 685970356?
False
Is 145 a factor of 234826630?
True
Is 13018590 a multiple of 27?
True
Is 13 a factor of 537556247?
False
Does 344 divide 79893030?
False
Does 51 divide 32132907?
True
Is 343844802 a multiple of 177?
True
Is 191110393 a multiple of 8?
False
Does 46 divide 3386292530?
True
Does 46 divide 2293135?
False
Does 15 divide 239855145?
True
Does 15 divide 1825311353?
False
Is 9 a factor of 7913148?
False
Is 7 a factor of 27548950?
False
Is 235079482 a multiple of 4098?
False
Is 9 a factor of 109278537?
False
Is 792 a factor of 311165712?
True
Does 11 divide 11189596?
True
Is 40310207 a multiple of 8?
False
Does 3 divide 156413971?
False
Is 47392380 a multiple of 3045?
True
Does 31 divide 878500962?
False
Is 7200125 a multiple of 36?
False
Is 12 a factor of 33488760?
True
Is 2963 a factor of 1577818241?
True
Does 7252 divide 223013504?
True
Is 127 a factor of 13074469?
False
Is 91 a factor of 2934568?
True
Does 42 divide 200763?
False
Does 280 divide 37719308?
False
Is 82455858 a multiple of 18?
True
Does 27 divide 761171985?
True
Is 280 a factor of 133520156?
False
Is 110 a factor of 37262280?
True
Does 88 divide 404083235?
False
Is 52184878 a multiple of 514?
True
Is 262 a factor of 101474696?
True
Does 40 divide 50236691?
False
Is 787059423 a multiple of 27?
True
Is 71072820 a multiple of 585?
True
Is 85464379 a multiple of 77?
True
Does 953 divide 322370435?
False
Is 6961720 a multiple of 20?
True
Is 5202330 a multiple of 10?
True
Does 8 divide 1355697312?
True
Is 3382 a factor of 7531449?
False
Is 2204730 a multiple of 12?
False
Is 6 a factor of 1112186854?
False
Is 88 a factor of 1101854?
False
Does 658 divide 34894398?
True
Is 142423938 a multiple of 13?
False
Does 29 divide 24779524?
False
Is 1720 a factor of 1752845120?
True
Does 69 divide 160978941?
False
Is 10 a factor of 132701595?
False
Is 12 a factor of 64265388?
True
Is 117 a factor of 12366806?
False
Does 5649 divide 215435913?
True
Does 172 divide 12533609?
False
Is 8 a factor of 39513536?
True
Is 3115056420 a multiple of 18?
True
Does 116 divide 256156768?
True
Is 628147070 a multiple of 642?
False
Is 532874893 a multiple of 9?
False
Is 2929 a factor of 1813891623?
True
Is 250666643 a multiple of 29?
False
Does 4 divide 17668098?
False
Is 1131350 a multiple of 5?
True
Is 105922867 a multiple of 3967?
True
Is 52334704 a multiple of 11?
False
Does 307 divide 99863004?
False
Does 146 divide 237297742?
True
Does 3788 divide 1964630738?
False
Is 1221960328 a multiple of 211?
False
Is 949301 a multiple of 5?
False
Does 15 divide 186454388?
False
Is 219161498 a multiple of 187?
False
Is 5543086 even?
True
Does 167 divide 896994389?
False
Does 4 divide 364602780?
True
Is 57 a factor of 313040409?
True
Is 10629228 a multiple of 2?
True
Does 227 divide 8515678?
True
Is 75 a factor of 132354375?
True
Is 325614484 a multiple of 13?
True
Does 45 divide 2869688592?
False
Does 97 divide 436515295?
False
Does 5 divide 11735200?
True
Is 1034984280 a multiple of 4738?
False
Does 27 divide 147047136?
False
Does 24 divide 31773264?
True
Does 166 divide 127653522?
False
Is 192894372 a multiple of 1188?
True
Is 35455400 a multiple of 10?
True
Is 22 a factor of 11180950?
True
Is 515 a factor of 473536575?
False
Is 92 a factor of 37080562?
False
Does 448 divide 672432?
False
Is 400 a factor of 199722800?
True
Does 3215 divide 12110905?
True
Is 4 a factor of 432593128?
True
Is 1069824306 a multiple of 144?
False
Is 227 a factor of 4557584?
False
Is 27231964 a multiple of 103?
True
Does 20 divide 1157265860?
True
Is 689449170 a multiple of 6?
True
Is 8 a factor of 587214239?
False
Does 50 divide 22428550?
True
Does 4576 divide 4775417504?
True
Is 122994044 a multiple of 113?
False
Does 1958 divide 57435972?
True
Is 601812001 a multiple of 189?
False
Does 406 divide 8053822?
True
Does 38 divide 448670382?
False
Is 50 a factor of 243390900?
True
Is 69115725 a multiple of 19?
False
Does 267 divide 22635459?
True
Is 139704915 a multiple of 136?
False
Is 299152441 a multiple of 76?
False
Does 661 divide 3345321?
True
Is 9379069 a multiple of 268?
False
Is 254 a factor of 494017554?
True
Does 2321 divide 14798696?
True
Is 3294 a factor of 376049628?
True
Is 16 a factor of 288810974?
False
Is 172 a factor of 4515650?
False
Is 11 a factor of 76257370?
False
Is 1192518 a multiple of 847?
False
Does 44 divide 377355748?
True
Is 113881425 a multiple of 21?
True
Is 74253281 a multiple of 101?
True
Does 298 divide 108525938?
True
Is 1856271331 a multiple of 38?
False
Is 51 a factor of 258850441?
False
Is 1918495 a multiple of 505?
True
Does 27 divide 5839424865?
True
Does 17 divide 21915448?
True
Is 257 a factor of 196527807?
False
Is 184 a factor of 30785867?
False
Does 1719 divide 468743408?
False
Is 739117629 a multiple of 329?
False
Is 137554846 a multiple of 169?
True
Is 285 a factor of 16831981?
False
Does 16 divide 5293692?
False
Is 24 a factor of 46607497?
False
Does 523 divide 70891449?
False
Is 896176190 a multiple of 35?
True
Does 39 divide 82652453?
False
Does 215 divide 3015707175?
True
Is 142 a factor of 2609042978?
False
Does 173 divide 485484409?
False
Is 32422739 a multiple of 592?
False
Is 41 a factor of 258748522?
False
Is 181 a factor of 102443647?
True
Is 353798627 a multiple of 2093?
True
Is 69840896 a multiple of 2048?
True
Is 1716770688 a multiple of 3173?
True
Is 40648807 a multiple of 29?
True
Is 32 a factor of 1630227936?
True
Is 177311233 a multiple of 14?
False
Is 248 a factor of 94018435?
False
Is 425367098 a multiple of 104?
False
Is 